{"id":230,"date":"2023-05-04T13:53:06","date_gmt":"2023-05-04T11:53:06","guid":{"rendered":"https:\/\/typentelain.com\/?page_id=230"},"modified":"2023-09-22T13:02:58","modified_gmt":"2023-09-22T11:02:58","slug":"sculptures","status":"publish","type":"page","link":"https:\/\/typentelain.com\/index.php\/sculptures\/","title":{"rendered":"Papier m\u00e2ch\u00e9"},"content":{"rendered":"\t\t<div data-elementor-type=\"wp-page\" data-elementor-id=\"230\" class=\"elementor elementor-230\">\n\t\t\t\t\t\t\t\t\t<section class=\"elementor-section elementor-top-section elementor-element elementor-element-95fceb4 elementor-section-boxed elementor-section-height-default elementor-section-height-default\" data-id=\"95fceb4\" data-element_type=\"section\">\n\t\t\t\t\t\t<div class=\"elementor-container elementor-column-gap-default\">\n\t\t\t\t\t<div class=\"elementor-column elementor-col-100 elementor-top-column elementor-element elementor-element-7fe48bb\" data-id=\"7fe48bb\" data-element_type=\"column\">\n\t\t\t<div class=\"elementor-widget-wrap elementor-element-populated\">\n\t\t\t\t\t\t\t\t<div class=\"elementor-element elementor-element-6d405ba elementor-widget elementor-widget-heading\" data-id=\"6d405ba\" data-element_type=\"widget\" data-widget_type=\"heading.default\">\n\t\t\t\t<div class=\"elementor-widget-container\">\n\t\t\t<style>\/*! elementor - v3.12.2 - 23-04-2023 *\/\n.elementor-heading-title{padding:0;margin:0;line-height:1}.elementor-widget-heading .elementor-heading-title[class*=elementor-size-]>a{color:inherit;font-size:inherit;line-height:inherit}.elementor-widget-heading .elementor-heading-title.elementor-size-small{font-size:15px}.elementor-widget-heading .elementor-heading-title.elementor-size-medium{font-size:19px}.elementor-widget-heading .elementor-heading-title.elementor-size-large{font-size:29px}.elementor-widget-heading .elementor-heading-title.elementor-size-xl{font-size:39px}.elementor-widget-heading .elementor-heading-title.elementor-size-xxl{font-size:59px}<\/style><h2 class=\"elementor-heading-title elementor-size-large\">Sculpture papiers m\u00e2ch\u00e9 et roul\u00e9<\/h2>\t\t<\/div>\n\t\t\t\t<\/div>\n\t\t\t\t\t<\/div>\n\t\t<\/div>\n\t\t\t\t\t\t\t<\/div>\n\t\t<\/section>\n\t\t\t\t<section class=\"elementor-section elementor-top-section elementor-element elementor-element-44f7bd1 elementor-section-boxed elementor-section-height-default elementor-section-height-default\" data-id=\"44f7bd1\" data-element_type=\"section\">\n\t\t\t\t\t\t<div class=\"elementor-container elementor-column-gap-default\">\n\t\t\t\t\t<div class=\"elementor-column elementor-col-100 elementor-top-column elementor-element elementor-element-edc984b\" data-id=\"edc984b\" data-element_type=\"column\">\n\t\t\t<div class=\"elementor-widget-wrap elementor-element-populated\">\n\t\t\t\t\t\t\t\t<div class=\"elementor-element elementor-element-9d79cae gallery-spacing-custom elementor-widget elementor-widget-image-gallery\" data-id=\"9d79cae\" data-element_type=\"widget\" data-widget_type=\"image-gallery.default\">\n\t\t\t\t<div class=\"elementor-widget-container\">\n\t\t\t<style>\/*! elementor - v3.12.2 - 23-04-2023 *\/\n.elementor-image-gallery .gallery-item{display:inline-block;text-align:center;vertical-align:top;width:100%;max-width:100%;margin:0 auto}.elementor-image-gallery .gallery-item img{margin:0 auto}.elementor-image-gallery .gallery-item .gallery-caption{margin:0}.elementor-image-gallery figure img{display:block}.elementor-image-gallery figure figcaption{width:100%}.gallery-spacing-custom .elementor-image-gallery .gallery-icon{padding:0}@media (min-width:768px){.elementor-image-gallery .gallery-columns-2 .gallery-item{max-width:50%}.elementor-image-gallery .gallery-columns-3 .gallery-item{max-width:33.33%}.elementor-image-gallery .gallery-columns-4 .gallery-item{max-width:25%}.elementor-image-gallery .gallery-columns-5 .gallery-item{max-width:20%}.elementor-image-gallery .gallery-columns-6 .gallery-item{max-width:16.666%}.elementor-image-gallery .gallery-columns-7 .gallery-item{max-width:14.28%}.elementor-image-gallery .gallery-columns-8 .gallery-item{max-width:12.5%}.elementor-image-gallery .gallery-columns-9 .gallery-item{max-width:11.11%}.elementor-image-gallery .gallery-columns-10 .gallery-item{max-width:10%}}@media (min-width:480px) and (max-width:767px){.elementor-image-gallery .gallery.gallery-columns-2 .gallery-item,.elementor-image-gallery .gallery.gallery-columns-3 .gallery-item,.elementor-image-gallery .gallery.gallery-columns-4 .gallery-item,.elementor-image-gallery .gallery.gallery-columns-5 .gallery-item,.elementor-image-gallery .gallery.gallery-columns-6 .gallery-item,.elementor-image-gallery .gallery.gallery-columns-7 .gallery-item,.elementor-image-gallery .gallery.gallery-columns-8 .gallery-item,.elementor-image-gallery .gallery.gallery-columns-9 .gallery-item,.elementor-image-gallery .gallery.gallery-columns-10 .gallery-item{max-width:50%}}@media (max-width:479px){.elementor-image-gallery .gallery.gallery-columns-2 .gallery-item,.elementor-image-gallery .gallery.gallery-columns-3 .gallery-item,.elementor-image-gallery .gallery.gallery-columns-4 .gallery-item,.elementor-image-gallery .gallery.gallery-columns-5 .gallery-item,.elementor-image-gallery .gallery.gallery-columns-6 .gallery-item,.elementor-image-gallery .gallery.gallery-columns-7 .gallery-item,.elementor-image-gallery .gallery.gallery-columns-8 .gallery-item,.elementor-image-gallery .gallery.gallery-columns-9 .gallery-item,.elementor-image-gallery .gallery.gallery-columns-10 .gallery-item{max-width:100%}}<\/style>\t\t<div class=\"elementor-image-gallery\">\n\t\t\t<div id='gallery-1' class='gallery galleryid-230 gallery-columns-4 gallery-size-thumbnail'><figure class='gallery-item'>\n\t\t\t<div class='gallery-icon portrait'>\n\t\t\t\t<a data-elementor-open-lightbox=\"yes\" data-elementor-lightbox-slideshow=\"9d79cae\" data-elementor-lightbox-description=\"Sculpture _ papier m\u00e2ch\u00e9 50 x 50 x 100 cm\" data-e-action-hash=\"#elementor-action%3Aaction%3Dlightbox%26settings%3DeyJpZCI6MTI4NSwidXJsIjoiaHR0cHM6XC9cL3R5cGVudGVsYWluLmNvbVwvd3AtY29udGVudFwvdXBsb2Fkc1wvMjAyM1wvMDlcL1NjdWxwdHVyZV9QYXBpZXItbWFjaGVfQm91cXVldC1kZS1mbGV1cnMtb21icmFnZV81MHg1MHgxMDAtMy1zY2FsZWQuanBnIiwic2xpZGVzaG93IjoiOWQ3OWNhZSJ9\" href='https:\/\/typentelain.com\/wp-content\/uploads\/2023\/09\/Sculpture_Papier-mache_Bouquet-de-fleurs-ombrage_50x50x100-3-scaled.jpg'><img loading=\"lazy\" decoding=\"async\" width=\"150\" height=\"150\" src=\"https:\/\/typentelain.com\/wp-content\/uploads\/2023\/09\/Sculpture_Papier-mache_Bouquet-de-fleurs-ombrage_50x50x100-3-150x150.jpg\" class=\"attachment-thumbnail size-thumbnail\" alt=\"\" \/><\/a>\n\t\t\t<\/div><\/figure><figure class='gallery-item'>\n\t\t\t<div class='gallery-icon portrait'>\n\t\t\t\t<a data-elementor-open-lightbox=\"yes\" data-elementor-lightbox-slideshow=\"9d79cae\" data-elementor-lightbox-description=\"Sculpture _ papier m\u00e2ch\u00e9 50 x 30 x 90 cm\" data-e-action-hash=\"#elementor-action%3Aaction%3Dlightbox%26settings%3DeyJpZCI6MTI4NywidXJsIjoiaHR0cHM6XC9cL3R5cGVudGVsYWluLmNvbVwvd3AtY29udGVudFwvdXBsb2Fkc1wvMjAyM1wvMDlcL1NjdWxwdHVyZV9QYXBpZXItbWFjaGVfRmVtbWUtY29sb3JlZS1hdmVjLXZpc2FnZS1vbWJyZV81MHgzMHg5MC0yLXNjYWxlZC5qcGciLCJzbGlkZXNob3ciOiI5ZDc5Y2FlIn0%3D\" href='https:\/\/typentelain.com\/wp-content\/uploads\/2023\/09\/Sculpture_Papier-mache_Femme-coloree-avec-visage-ombre_50x30x90-2-scaled.jpg'><img loading=\"lazy\" decoding=\"async\" width=\"150\" height=\"150\" src=\"https:\/\/typentelain.com\/wp-content\/uploads\/2023\/09\/Sculpture_Papier-mache_Femme-coloree-avec-visage-ombre_50x30x90-2-150x150.jpg\" class=\"attachment-thumbnail size-thumbnail\" alt=\"\" \/><\/a>\n\t\t\t<\/div><\/figure><figure class='gallery-item'>\n\t\t\t<div class='gallery-icon portrait'>\n\t\t\t\t<a data-elementor-open-lightbox=\"yes\" data-elementor-lightbox-slideshow=\"9d79cae\" data-elementor-lightbox-description=\"Sculpture _ papier m\u00e2ch\u00e9 45 x 30 x 60 cm\" data-e-action-hash=\"#elementor-action%3Aaction%3Dlightbox%26settings%3DeyJpZCI6MTI4OSwidXJsIjoiaHR0cHM6XC9cL3R5cGVudGVsYWluLmNvbVwvd3AtY29udGVudFwvdXBsb2Fkc1wvMjAyM1wvMDlcL1NjdWxwdHVyZV9QYXBpZXItbWFjaGVfUGVyc29ubmFnZS1ibGFuYy1hdmVjLXZpc2FnZV80NXgzMHg2MC0yLXNjYWxlZC5qcGciLCJzbGlkZXNob3ciOiI5ZDc5Y2FlIn0%3D\" href='https:\/\/typentelain.com\/wp-content\/uploads\/2023\/09\/Sculpture_Papier-mache_Personnage-blanc-avec-visage_45x30x60-2-scaled.jpg'><img loading=\"lazy\" decoding=\"async\" width=\"150\" height=\"150\" src=\"https:\/\/typentelain.com\/wp-content\/uploads\/2023\/09\/Sculpture_Papier-mache_Personnage-blanc-avec-visage_45x30x60-2-150x150.jpg\" class=\"attachment-thumbnail size-thumbnail\" alt=\"\" \/><\/a>\n\t\t\t<\/div><\/figure><figure class='gallery-item'>\n\t\t\t<div class='gallery-icon portrait'>\n\t\t\t\t<a data-elementor-open-lightbox=\"yes\" data-elementor-lightbox-slideshow=\"9d79cae\" data-elementor-lightbox-description=\"Sculpture _ papier m\u00e2ch\u00e9 20 x 25 x 25 cm   \" data-e-action-hash=\"#elementor-action%3Aaction%3Dlightbox%26settings%3DeyJpZCI6MTI5MSwidXJsIjoiaHR0cHM6XC9cL3R5cGVudGVsYWluLmNvbVwvd3AtY29udGVudFwvdXBsb2Fkc1wvMjAyM1wvMDlcL1NjdWxwdHVyZV9QYXBpZXItbWFjaGVfUG91bGVfMjB4MjV4MjUtMi1zY2FsZWQuanBnIiwic2xpZGVzaG93IjoiOWQ3OWNhZSJ9\" href='https:\/\/typentelain.com\/wp-content\/uploads\/2023\/09\/Sculpture_Papier-mache_Poule_20x25x25-2-scaled.jpg'><img loading=\"lazy\" decoding=\"async\" width=\"150\" height=\"150\" src=\"https:\/\/typentelain.com\/wp-content\/uploads\/2023\/09\/Sculpture_Papier-mache_Poule_20x25x25-2-150x150.jpg\" class=\"attachment-thumbnail size-thumbnail\" alt=\"\" \/><\/a>\n\t\t\t<\/div><\/figure><figure class='gallery-item'>\n\t\t\t<div class='gallery-icon portrait'>\n\t\t\t\t<a data-elementor-open-lightbox=\"yes\" data-elementor-lightbox-slideshow=\"9d79cae\" data-elementor-lightbox-description=\"Sculpture _ papier m\u00e2ch\u00e9 et papier roul\u00e9 15 x 15 x 30 cm\" data-e-action-hash=\"#elementor-action%3Aaction%3Dlightbox%26settings%3DeyJpZCI6MTI5MiwidXJsIjoiaHR0cHM6XC9cL3R5cGVudGVsYWluLmNvbVwvd3AtY29udGVudFwvdXBsb2Fkc1wvMjAyM1wvMDlcL1NjdWxwdHVyZV9QYXBpZXItbWFjaGUtcGFwaWVyLXJvdWxlX01vbnRnb2xmaWVyZS0xXzE1eDE1eDMwLTItc2NhbGVkLmpwZyIsInNsaWRlc2hvdyI6IjlkNzljYWUifQ%3D%3D\" href='https:\/\/typentelain.com\/wp-content\/uploads\/2023\/09\/Sculpture_Papier-mache-papier-roule_Montgolfiere-1_15x15x30-2-scaled.jpg'><img loading=\"lazy\" decoding=\"async\" width=\"150\" height=\"150\" src=\"https:\/\/typentelain.com\/wp-content\/uploads\/2023\/09\/Sculpture_Papier-mache-papier-roule_Montgolfiere-1_15x15x30-2-150x150.jpg\" class=\"attachment-thumbnail size-thumbnail\" alt=\"\" \/><\/a>\n\t\t\t<\/div><\/figure><figure class='gallery-item'>\n\t\t\t<div class='gallery-icon portrait'>\n\t\t\t\t<a data-elementor-open-lightbox=\"yes\" data-elementor-lightbox-slideshow=\"9d79cae\" data-elementor-lightbox-description=\"Sculpture _ papier m\u00e2ch\u00e9 et papier roul\u00e9 15 x 15 x 30 cm\" data-e-action-hash=\"#elementor-action%3Aaction%3Dlightbox%26settings%3DeyJpZCI6MTI5MywidXJsIjoiaHR0cHM6XC9cL3R5cGVudGVsYWluLmNvbVwvd3AtY29udGVudFwvdXBsb2Fkc1wvMjAyM1wvMDlcL1NjdWxwdHVyZV9QYXBpZXItbWFjaGUtcGFwaWVyLXJvdWxlX01vbnRnb2xmaWVyZS0yXzE1eDE1eDMwLTItc2NhbGVkLmpwZyIsInNsaWRlc2hvdyI6IjlkNzljYWUifQ%3D%3D\" href='https:\/\/typentelain.com\/wp-content\/uploads\/2023\/09\/Sculpture_Papier-mache-papier-roule_Montgolfiere-2_15x15x30-2-scaled.jpg'><img loading=\"lazy\" decoding=\"async\" width=\"150\" height=\"150\" src=\"https:\/\/typentelain.com\/wp-content\/uploads\/2023\/09\/Sculpture_Papier-mache-papier-roule_Montgolfiere-2_15x15x30-2-150x150.jpg\" class=\"attachment-thumbnail size-thumbnail\" alt=\"\" \/><\/a>\n\t\t\t<\/div><\/figure><figure class='gallery-item'>\n\t\t\t<div class='gallery-icon portrait'>\n\t\t\t\t<a data-elementor-open-lightbox=\"yes\" data-elementor-lightbox-slideshow=\"9d79cae\" data-elementor-lightbox-description=\"Sculpture _ papier m\u00e2ch\u00e9 et papier roul\u00e9 15 x 15 x 30 cm\" data-e-action-hash=\"#elementor-action%3Aaction%3Dlightbox%26settings%3DeyJpZCI6MTI5NCwidXJsIjoiaHR0cHM6XC9cL3R5cGVudGVsYWluLmNvbVwvd3AtY29udGVudFwvdXBsb2Fkc1wvMjAyM1wvMDlcL1NjdWxwdHVyZV9QYXBpZXItbWFjaGUtcGFwaWVyLXJvdWxlX01vbnRnb2xmaWVyZS0zXzE1eDE1eDMwLTItc2NhbGVkLmpwZyIsInNsaWRlc2hvdyI6IjlkNzljYWUifQ%3D%3D\" href='https:\/\/typentelain.com\/wp-content\/uploads\/2023\/09\/Sculpture_Papier-mache-papier-roule_Montgolfiere-3_15x15x30-2-scaled.jpg'><img loading=\"lazy\" decoding=\"async\" width=\"150\" height=\"150\" src=\"https:\/\/typentelain.com\/wp-content\/uploads\/2023\/09\/Sculpture_Papier-mache-papier-roule_Montgolfiere-3_15x15x30-2-150x150.jpg\" class=\"attachment-thumbnail size-thumbnail\" alt=\"\" \/><\/a>\n\t\t\t<\/div><\/figure><figure class='gallery-item'>\n\t\t\t<div class='gallery-icon portrait'>\n\t\t\t\t<a data-elementor-open-lightbox=\"yes\" data-elementor-lightbox-slideshow=\"9d79cae\" data-elementor-lightbox-description=\"Sculpture _ papier m\u00e2ch\u00e9 et papier roul\u00e9 15 x 15 x 30 cm\" data-e-action-hash=\"#elementor-action%3Aaction%3Dlightbox%26settings%3DeyJpZCI6MTI5NSwidXJsIjoiaHR0cHM6XC9cL3R5cGVudGVsYWluLmNvbVwvd3AtY29udGVudFwvdXBsb2Fkc1wvMjAyM1wvMDlcL1NjdWxwdHVyZV9QYXBpZXItbWFjaGUtcGFwaWVyLXJvdWxlX01vbnRnb2xmaWVyZS00XzE1eDE1eDMwLTItc2NhbGVkLmpwZyIsInNsaWRlc2hvdyI6IjlkNzljYWUifQ%3D%3D\" href='https:\/\/typentelain.com\/wp-content\/uploads\/2023\/09\/Sculpture_Papier-mache-papier-roule_Montgolfiere-4_15x15x30-2-scaled.jpg'><img loading=\"lazy\" decoding=\"async\" width=\"150\" height=\"150\" src=\"https:\/\/typentelain.com\/wp-content\/uploads\/2023\/09\/Sculpture_Papier-mache-papier-roule_Montgolfiere-4_15x15x30-2-150x150.jpg\" class=\"attachment-thumbnail size-thumbnail\" alt=\"\" \/><\/a>\n\t\t\t<\/div><\/figure><figure class='gallery-item'>\n\t\t\t<div class='gallery-icon portrait'>\n\t\t\t\t<a data-elementor-open-lightbox=\"yes\" data-elementor-lightbox-slideshow=\"9d79cae\" data-elementor-lightbox-description=\"Sculpture _ papier m\u00e2ch\u00e9 et papier roul\u00e9 15 x 15 x 30 cm\" data-e-action-hash=\"#elementor-action%3Aaction%3Dlightbox%26settings%3DeyJpZCI6MTI5NiwidXJsIjoiaHR0cHM6XC9cL3R5cGVudGVsYWluLmNvbVwvd3AtY29udGVudFwvdXBsb2Fkc1wvMjAyM1wvMDlcL1NjdWxwdHVyZV9QYXBpZXItbWFjaGUtcGFwaWVyLXJvdWxlX01vbnRnb2xmaWVyZS01XzE1eDE1eDMwLTItc2NhbGVkLmpwZyIsInNsaWRlc2hvdyI6IjlkNzljYWUifQ%3D%3D\" href='https:\/\/typentelain.com\/wp-content\/uploads\/2023\/09\/Sculpture_Papier-mache-papier-roule_Montgolfiere-5_15x15x30-2-scaled.jpg'><img loading=\"lazy\" decoding=\"async\" width=\"150\" height=\"150\" src=\"https:\/\/typentelain.com\/wp-content\/uploads\/2023\/09\/Sculpture_Papier-mache-papier-roule_Montgolfiere-5_15x15x30-2-150x150.jpg\" class=\"attachment-thumbnail size-thumbnail\" alt=\"\" \/><\/a>\n\t\t\t<\/div><\/figure>\n\t\t<\/div>\n\t\t<\/div>\n\t\t\t\t<\/div>\n\t\t\t\t<\/div>\n\t\t\t\t\t<\/div>\n\t\t<\/div>\n\t\t\t\t\t\t\t<\/div>\n\t\t<\/section>\n\t\t\t\t\t\t\t<\/div>\n\t\t","protected":false},"excerpt":{"rendered":"<p>Sculpture papiers m\u00e2ch\u00e9 et roul\u00e9<\/p>\n","protected":false},"author":1,"featured_media":0,"parent":0,"menu_order":0,"comment_status":"closed","ping_status":"closed","template":"elementor_header_footer","meta":{"footnotes":""},"class_list":["post-230","page","type-page","status-publish","hentry"],"yoast_head":"<!-- This site is optimized with the Yoast SEO plugin v20.6 - https:\/\/yoast.com\/wordpress\/plugins\/seo\/ -->\n<title>Papier m\u00e2ch\u00e9 - Ty Pentelain<\/title>\n<meta name=\"robots\" content=\"index, follow, max-snippet:-1, max-image-preview:large, max-video-preview:-1\" \/>\n<link rel=\"canonical\" href=\"https:\/\/typentelain.com\/index.php\/sculptures\/\" \/>\n<meta property=\"og:locale\" content=\"fr_FR\" \/>\n<meta property=\"og:type\" content=\"article\" \/>\n<meta property=\"og:title\" content=\"Papier m\u00e2ch\u00e9 - Ty Pentelain\" \/>\n<meta property=\"og:description\" content=\"Sculpture papiers m\u00e2ch\u00e9 et roul\u00e9\" \/>\n<meta property=\"og:url\" content=\"https:\/\/typentelain.com\/index.php\/sculptures\/\" \/>\n<meta property=\"og:site_name\" content=\"Ty Pentelain\" \/>\n<meta property=\"article:modified_time\" content=\"2023-09-22T11:02:58+00:00\" \/>\n<meta property=\"og:image\" content=\"https:\/\/typentelain.com\/wp-content\/uploads\/2023\/09\/Sculpture_Papier-mache_Bouquet-de-fleurs-ombrage_50x50x100-3-150x150.jpg\" \/>\n<meta name=\"twitter:card\" content=\"summary_large_image\" \/>\n<meta name=\"twitter:label1\" content=\"Dur\u00e9e de lecture estim\u00e9e\" \/>\n\t<meta name=\"twitter:data1\" content=\"2 minutes\" \/>\n<script type=\"application\/ld+json\" class=\"yoast-schema-graph\">{\"@context\":\"https:\/\/schema.org\",\"@graph\":[{\"@type\":\"WebPage\",\"@id\":\"https:\/\/typentelain.com\/index.php\/sculptures\/\",\"url\":\"https:\/\/typentelain.com\/index.php\/sculptures\/\",\"name\":\"Papier m\u00e2ch\u00e9 - Ty Pentelain\",\"isPartOf\":{\"@id\":\"https:\/\/typentelain.com\/#website\"},\"datePublished\":\"2023-05-04T11:53:06+00:00\",\"dateModified\":\"2023-09-22T11:02:58+00:00\",\"breadcrumb\":{\"@id\":\"https:\/\/typentelain.com\/index.php\/sculptures\/#breadcrumb\"},\"inLanguage\":\"fr-FR\",\"potentialAction\":[{\"@type\":\"ReadAction\",\"target\":[\"https:\/\/typentelain.com\/index.php\/sculptures\/\"]}]},{\"@type\":\"BreadcrumbList\",\"@id\":\"https:\/\/typentelain.com\/index.php\/sculptures\/#breadcrumb\",\"itemListElement\":[{\"@type\":\"ListItem\",\"position\":1,\"name\":\"Accueil\",\"item\":\"https:\/\/typentelain.com\/\"},{\"@type\":\"ListItem\",\"position\":2,\"name\":\"Papier m\u00e2ch\u00e9\"}]},{\"@type\":\"WebSite\",\"@id\":\"https:\/\/typentelain.com\/#website\",\"url\":\"https:\/\/typentelain.com\/\",\"name\":\"Ty Pentelain\",\"description\":\"\",\"potentialAction\":[{\"@type\":\"SearchAction\",\"target\":{\"@type\":\"EntryPoint\",\"urlTemplate\":\"https:\/\/typentelain.com\/?s={search_term_string}\"},\"query-input\":\"required name=search_term_string\"}],\"inLanguage\":\"fr-FR\"}]}<\/script>\n<!-- \/ Yoast SEO plugin. -->","yoast_head_json":{"title":"Papier m\u00e2ch\u00e9 - Ty Pentelain","robots":{"index":"index","follow":"follow","max-snippet":"max-snippet:-1","max-image-preview":"max-image-preview:large","max-video-preview":"max-video-preview:-1"},"canonical":"https:\/\/typentelain.com\/index.php\/sculptures\/","og_locale":"fr_FR","og_type":"article","og_title":"Papier m\u00e2ch\u00e9 - Ty Pentelain","og_description":"Sculpture papiers m\u00e2ch\u00e9 et roul\u00e9","og_url":"https:\/\/typentelain.com\/index.php\/sculptures\/","og_site_name":"Ty Pentelain","article_modified_time":"2023-09-22T11:02:58+00:00","og_image":[{"url":"https:\/\/typentelain.com\/wp-content\/uploads\/2023\/09\/Sculpture_Papier-mache_Bouquet-de-fleurs-ombrage_50x50x100-3-150x150.jpg"}],"twitter_card":"summary_large_image","twitter_misc":{"Dur\u00e9e de lecture estim\u00e9e":"2 minutes"},"schema":{"@context":"https:\/\/schema.org","@graph":[{"@type":"WebPage","@id":"https:\/\/typentelain.com\/index.php\/sculptures\/","url":"https:\/\/typentelain.com\/index.php\/sculptures\/","name":"Papier m\u00e2ch\u00e9 - Ty Pentelain","isPartOf":{"@id":"https:\/\/typentelain.com\/#website"},"datePublished":"2023-05-04T11:53:06+00:00","dateModified":"2023-09-22T11:02:58+00:00","breadcrumb":{"@id":"https:\/\/typentelain.com\/index.php\/sculptures\/#breadcrumb"},"inLanguage":"fr-FR","potentialAction":[{"@type":"ReadAction","target":["https:\/\/typentelain.com\/index.php\/sculptures\/"]}]},{"@type":"BreadcrumbList","@id":"https:\/\/typentelain.com\/index.php\/sculptures\/#breadcrumb","itemListElement":[{"@type":"ListItem","position":1,"name":"Accueil","item":"https:\/\/typentelain.com\/"},{"@type":"ListItem","position":2,"name":"Papier m\u00e2ch\u00e9"}]},{"@type":"WebSite","@id":"https:\/\/typentelain.com\/#website","url":"https:\/\/typentelain.com\/","name":"Ty Pentelain","description":"","potentialAction":[{"@type":"SearchAction","target":{"@type":"EntryPoint","urlTemplate":"https:\/\/typentelain.com\/?s={search_term_string}"},"query-input":"required name=search_term_string"}],"inLanguage":"fr-FR"}]}},"_links":{"self":[{"href":"https:\/\/typentelain.com\/index.php\/wp-json\/wp\/v2\/pages\/230","targetHints":{"allow":["GET"]}}],"collection":[{"href":"https:\/\/typentelain.com\/index.php\/wp-json\/wp\/v2\/pages"}],"about":[{"href":"https:\/\/typentelain.com\/index.php\/wp-json\/wp\/v2\/types\/page"}],"author":[{"embeddable":true,"href":"https:\/\/typentelain.com\/index.php\/wp-json\/wp\/v2\/users\/1"}],"replies":[{"embeddable":true,"href":"https:\/\/typentelain.com\/index.php\/wp-json\/wp\/v2\/comments?post=230"}],"version-history":[{"count":31,"href":"https:\/\/typentelain.com\/index.php\/wp-json\/wp\/v2\/pages\/230\/revisions"}],"predecessor-version":[{"id":1535,"href":"https:\/\/typentelain.com\/index.php\/wp-json\/wp\/v2\/pages\/230\/revisions\/1535"}],"wp:attachment":[{"href":"https:\/\/typentelain.com\/index.php\/wp-json\/wp\/v2\/media?parent=230"}],"curies":[{"name":"wp","href":"https:\/\/api.w.org\/{rel}","templated":true}]}}